{"id":223,"date":"2016-02-10T11:10:42","date_gmt":"2016-02-10T11:10:42","guid":{"rendered":"http:\/\/cidti40.com\/?page_id=223"},"modified":"2025-04-22T15:14:56","modified_gmt":"2025-04-22T20:14:56","slug":"mentalidad-y-cultura","status":"publish","type":"page","link":"https:\/\/cidti.com.co\/cidti40\/mentalidad-y-cultura\/","title":{"rendered":"Mentalidad y Cultura"},"content":{"rendered":"<div class=\"wpb-content-wrapper\"><p>[vc_row css_animation=&#8221;bounceIn&#8221; css=&#8221;.vc_custom_1590198353098{margin-top: 5rem !important;}&#8221;][vc_column][vc_custom_heading text=&#8221;Mentalidad y Cultura&#8221; font_container=&#8221;tag:h1|text_align:center|color:%2333cccc&#8221; google_fonts=&#8221;font_family:Roboto%20Condensed%3A300%2C300italic%2Cregular%2Citalic%2C700%2C700italic|font_style:700%20bold%20regular%3A700%3Anormal&#8221; css_animation=&#8221;bounceIn&#8221;][vc_single_image image=&#8221;781&#8243; img_size=&#8221;full&#8221; css_animation=&#8221;bounceIn&#8221; css=&#8221;.vc_custom_1591760761639{margin-top: 25px !important;margin-bottom: 25px !important;}&#8221;][\/vc_column][\/vc_row][vc_row css_animation=&#8221;fadeIn&#8221; css=&#8221;.vc_custom_1590198301109{margin-top: 4px !important;}&#8221;][vc_column css_animation=&#8221;none&#8221;][vc_custom_heading text=&#8221;Nuestro objetivo es construir y consolidar la Cultura Cidti 4.0, que tiene como meta, acompa\u00f1ar a los ciudades y a cada uno de sus p\u00fablicos, en la construcci\u00f3n de territorios inteligentes, innovadores, amigables con el medio ambiente y que brindan calidad de vida, en condiciones de equidad, a cada uno de sus habitantes. De tal manera, la Cultura Cidti 4.0 se basa en los siguientes principios:&#8221; font_container=&#8221;tag:div|text_align:justify&#8221; google_fonts=&#8221;font_family:Roboto%20Condensed%3A300%2C300italic%2Cregular%2Citalic%2C700%2C700italic|font_style:400%20regular%3A400%3Anormal&#8221; css_animation=&#8221;bounceIn&#8221;][\/vc_column][\/vc_row][vc_row css_animation=&#8221;fadeInUp&#8221; css=&#8221;.vc_custom_1590198203087{margin-top: 5px !important;}&#8221;][vc_column width=&#8221;1\/2&#8243; css=&#8221;.vc_custom_1590005288418{margin-top: 10px !important;margin-bottom: 35px !important;}&#8221;][vc_empty_space][vc_custom_heading text=&#8221;<b>+<\/b> Apropiaci\u00f3n tecnol\u00f3gica<br \/>\n<b>+<\/b> Aprendizaje constante<br \/>\n<b>+<\/b> Escucha activa<br \/>\n<b>+<\/b> Talento para la ense\u00f1anza<br \/>\n<b>+<\/b> Disciplina<br \/>\n<b>+<\/b> Sostenibilidad<br \/>\n<b>+<\/b> Colectividad&#8221; font_container=&#8221;tag:h4|text_align:justify|color:%2333cccc&#8221; google_fonts=&#8221;font_family:Roboto%20Condensed%3A300%2C300italic%2Cregular%2Citalic%2C700%2C700italic|font_style:700%20bold%20regular%3A700%3Anormal&#8221; css_animation=&#8221;bounceIn&#8221;][vc_empty_space][\/vc_column][vc_column css_animation=&#8221;none&#8221; width=&#8221;1\/2&#8243;][vc_single_image image=&#8221;791&#8243; img_size=&#8221;full&#8221; alignment=&#8221;center&#8221; css_animation=&#8221;bounceIn&#8221; css=&#8221;.vc_custom_1590159212601{margin-top: 25px !important;margin-bottom: 25px !important;}&#8221;][\/vc_column][\/vc_row][vc_row css=&#8221;.vc_custom_1590159238440{margin-top: 3px !important;}&#8221;][vc_column css_animation=&#8221;fadeInLeft&#8221; width=&#8221;1\/2&#8243; offset=&#8221;vc_hidden-md vc_hidden-sm vc_hidden-xs&#8221;][vc_empty_space][vc_single_image image=&#8221;769&#8243; img_size=&#8221;full&#8221;][\/vc_column][vc_column css_animation=&#8221;fadeInRight&#8221; width=&#8221;1\/2&#8243; offset=&#8221;vc_hidden-md vc_hidden-sm vc_hidden-xs&#8221;][vc_empty_space height=&#8221;40px&#8221;][vc_custom_heading text=&#8221;Para lograrlo, trabajamos principalmente con la construcci\u00f3n de estrategias comunicacionales que acompa\u00f1en a los p\u00fablicos, en su camino hacia la transformaci\u00f3n digital y adem\u00e1s en proceso de formaci\u00f3n en temas afines a la construcci\u00f3n de territorios inteligentes e innovadores, que puedan dotarlos, no solo de conocimientos especializados, sino de habilidades y aptitudes id\u00f3neas para afrontar el cambio de una manera estrat\u00e9gica y exitosa.<\/p>\n<p>De esta manera, desde el \u00e1rea de Innovaci\u00f3n, Mentalidad y Cultura, acompa\u00f1amos a las ciudades y a cada uno de sus p\u00fablicos, a que dinamicen sus equipos de trabajo y adopten una mentalidad de cambio hacia la innovaci\u00f3n, donde la transformaci\u00f3n digital, ser\u00e1 la clave para la construcci\u00f3n de un territorio inteligente, donde todos estamos incluidos como protagonistas del cambio y beneficiarios de una mejor ciudad para cada uno de sus habitantes.&#8221; font_container=&#8221;tag:div|text_align:justify&#8221; google_fonts=&#8221;font_family:Roboto%20Condensed%3A300%2C300italic%2Cregular%2Citalic%2C700%2C700italic|font_style:400%20regular%3A400%3Anormal&#8221; css_animation=&#8221;bounceIn&#8221;][\/vc_column][\/vc_row][vc_row css=&#8221;.vc_custom_1590159238440{margin-top: 3px !important;}&#8221;][vc_column css_animation=&#8221;bounceInDown&#8221; width=&#8221;1\/2&#8243; offset=&#8221;vc_hidden-lg&#8221;][vc_custom_heading text=&#8221;Para lograrlo, trabajamos principalmente con la construcci\u00f3n de estrategias comunicacionales que acompa\u00f1en a los p\u00fablicos, en su camino hacia la transformaci\u00f3n digital y adem\u00e1s en proceso de formaci\u00f3n en temas afines a la construcci\u00f3n de territorios inteligentes e innovadores, que puedan dotarlos, no solo de conocimientos especializados, sino de habilidades y aptitudes id\u00f3neas para afrontar el cambio de una manera estrat\u00e9gica y exitosa.<\/p>\n<p>De esta manera, desde el \u00e1rea de Innovaci\u00f3n, Mentalidad y Cultura, acompa\u00f1amos a las ciudades y a cada uno de sus p\u00fablicos, a que dinamicen sus equipos de trabajo y adopten una mentalidad de cambio hacia la innovaci\u00f3n, donde la transformaci\u00f3n digital, ser\u00e1 la clave para la construcci\u00f3n de un territorio inteligente, donde todos estamos incluidos como protagonistas del cambio y beneficiarios de una mejor ciudad para cada uno de sus habitantes.&#8221; font_container=&#8221;tag:div|text_align:justify&#8221; google_fonts=&#8221;font_family:Roboto%20Condensed%3A300%2C300italic%2Cregular%2Citalic%2C700%2C700italic|font_style:400%20regular%3A400%3Anormal&#8221;][\/vc_column][vc_column css_animation=&#8221;fadeInRight&#8221; width=&#8221;1\/2&#8243; offset=&#8221;vc_hidden-lg&#8221;][vc_empty_space][vc_single_image image=&#8221;769&#8243; img_size=&#8221;full&#8221;][\/vc_column][\/vc_row][vc_row css=&#8221;.vc_custom_1590159555955{margin-top: 4px !important;}&#8221;][vc_column css_animation=&#8221;bounceInUp&#8221;][vc_custom_heading text=&#8221;Y para lograrlo, nuestra \u00e1rea est\u00e1 conformada por un equipo humano comprometido con la formaci\u00f3n de p\u00fablicos y la divulgaci\u00f3n de noticias y datos de inter\u00e9s y necesarios para la transformaci\u00f3n de ciudades, hacia territorios inteligentes.&#8221; font_container=&#8221;tag:div|text_align:justify&#8221; google_fonts=&#8221;font_family:Roboto%20Condensed%3A300%2C300italic%2Cregular%2Citalic%2C700%2C700italic|font_style:400%20regular%3A400%3Anormal&#8221; css_animation=&#8221;bounceIn&#8221;][\/vc_column][\/vc_row][vc_row css=&#8221;.vc_custom_1590005377196{margin-top: 5px !important;}&#8221;][vc_column css_animation=&#8221;fadeInUpBig&#8221; width=&#8221;1\/2&#8243; css=&#8221;.vc_custom_1590161581396{margin-top: 10px !important;margin-bottom: 35px !important;}&#8221; offset=&#8221;vc_hidden-md vc_hidden-sm vc_hidden-xs&#8221;][vc_custom_heading text=&#8221;<b>+<\/b> Coordinador de Mentalidad y Cultura<br \/>\n<b>+<\/b> Comunicador, RRPP y Periodista Corporativo<br \/>\n<b>+<\/b> Gesti\u00f3n Creativa<br \/>\n<b>+<\/b> Desarrollador Web<br \/>\n<b>+<\/b> Comunicador Digital<br \/>\n<b>+<\/b> Dise\u00f1ador Multimedial&#8221; font_container=&#8221;tag:h4|text_align:justify|color:%2333cccc&#8221; google_fonts=&#8221;font_family:Roboto%20Condensed%3A300%2C300italic%2Cregular%2Citalic%2C700%2C700italic|font_style:700%20bold%20regular%3A700%3Anormal&#8221; css_animation=&#8221;bounceIn&#8221;][vc_empty_space][vc_custom_heading text=&#8221;Si quieres conocernos y conversar con nosotros, puedes contactarnos por el correo:&#8221; font_container=&#8221;tag:div|text_align:justify&#8221; google_fonts=&#8221;font_family:Roboto%20Condensed%3A300%2C300italic%2Cregular%2Citalic%2C700%2C700italic|font_style:400%20regular%3A400%3Anormal&#8221; css_animation=&#8221;bounceIn&#8221;]<a href=\"https:\/\/cidti.com.co\/cidti40\/contacto-mentalidad-y-cultura\/\" class=\"sc_button sc_button_square sc_button_style_border sc_button_size_small aligncenter sc_popup_link\" style=\"````\">info-mentalidadycultura@cidti40.com<\/a>[\/vc_column][vc_column css_animation=&#8221;fadeInDown&#8221; width=&#8221;1\/2&#8243; offset=&#8221;vc_hidden-md vc_hidden-sm vc_hidden-xs&#8221;][vc_single_image image=&#8221;811&#8243; img_size=&#8221;full&#8221; alignment=&#8221;center&#8221; css_animation=&#8221;bounceIn&#8221; css=&#8221;.vc_custom_1590163131081{margin-top: 25px !important;margin-bottom: 25px !important;}&#8221;][\/vc_column][\/vc_row][vc_row][vc_column css_animation=&#8221;bounceIn&#8221; width=&#8221;1\/2&#8243; css=&#8221;.vc_custom_1590161612676{margin-top: 10px !important;margin-bottom: 35px !important;}&#8221; offset=&#8221;vc_hidden-lg&#8221;][vc_single_image image=&#8221;811&#8243; img_size=&#8221;full&#8221; alignment=&#8221;center&#8221; css_animation=&#8221;bounceIn&#8221; css=&#8221;.vc_custom_1590163110630{margin-top: 25px !important;margin-bottom: 25px !important;}&#8221;][\/vc_column][vc_column css_animation=&#8221;fadeInLeftBig&#8221; width=&#8221;1\/2&#8243; offset=&#8221;vc_hidden-lg&#8221;][vc_custom_heading text=&#8221;<b>+<\/b> Coordinador de Mentalidad y Cultura<br \/>\n<b>+<\/b> Comunicador, RRPP y Periodista Corporativo<br \/>\n<b>+<\/b> Gesti\u00f3n Creativa<br \/>\n<b>+<\/b> Desarrollador Web<br \/>\n<b>+<\/b> Comunicador Digital<br \/>\n<b>+<\/b> Dise\u00f1ador Multimedial&#8221; font_container=&#8221;tag:h4|text_align:justify|color:%2333cccc&#8221; google_fonts=&#8221;font_family:Roboto%20Condensed%3A300%2C300italic%2Cregular%2Citalic%2C700%2C700italic|font_style:700%20bold%20regular%3A700%3Anormal&#8221; css_animation=&#8221;bounceIn&#8221;][vc_custom_heading text=&#8221;Si quieres conocernos y conversar con nosotros, puedes contactarnos por el correo:&#8221; font_container=&#8221;tag:div|text_align:justify&#8221; google_fonts=&#8221;font_family:Roboto%20Condensed%3A300%2C300italic%2Cregular%2Citalic%2C700%2C700italic|font_style:400%20regular%3A400%3Anormal&#8221; css_animation=&#8221;bounceIn&#8221; css=&#8221;.vc_custom_1595608136183{margin-top: 15px !important;}&#8221;][vc_empty_space height=&#8221;20px&#8221;]<a href=\"http:\/\/cidti40.com\/contacto-mentalidad-y-cultura\/\" class=\"sc_button sc_button_square sc_button_style_border sc_button_size_small aligncenter sc_popup_link\">info-mentalidadycultura@cidti40.com<\/a>[\/vc_column][\/vc_row]<\/p>\n<\/div>","protected":false},"excerpt":{"rendered":"<p>[vc_row css_animation=&#8221;bounceIn&#8221; css=&#8221;.vc_custom_1590198353098{margin-top: 5rem !important;}&#8221;][vc_column][vc_custom_heading text=&#8221;Mentalidad y Cultura&#8221; font_container=&#8221;tag:h1|text_align:center|color:%2333cccc&#8221; google_fonts=&#8221;font_family:Roboto%20Condensed%3A300%2C300italic%2Cregular%2Citalic%2C700%2C700italic|font_style:700%20bold%20regular%3A700%3Anormal&#8221; css_animation=&#8221;bounceIn&#8221;][vc_single_image image=&#8221;781&#8243; img_size=&#8221;full&#8221; css_animation=&#8221;bounceIn&#8221; css=&#8221;.vc_custom_1591760761639{margin-top: 25px !important;margin-bottom: 25px !important;}&#8221;][\/vc_column][\/vc_row][vc_row css_animation=&#8221;fadeIn&#8221; css=&#8221;.vc_custom_1590198301109{margin-top: 4px !important;}&#8221;][vc_column css_animation=&#8221;none&#8221;][vc_custom_heading text=&#8221;Nuestro objetivo es construir y consolidar la Cultura Cidti 4.0, que tiene como meta, acompa\u00f1ar a los ciudades y a cada uno de sus p\u00fablicos, en la construcci\u00f3n de territorios inteligentes, [&hellip;]<\/p>\n","protected":false},"author":1,"featured_media":0,"parent":0,"menu_order":0,"comment_status":"closed","ping_status":"closed","template":"","meta":{"footnotes":""},"yoast_head":"<!-- This site is optimized with the Yoast SEO plugin v24.5 - https:\/\/yoast.com\/wordpress\/plugins\/seo\/ -->\n<title>Mentalidad y Cultura - CIDTI 4.0<\/title>\n<meta name=\"robots\" content=\"index, follow, max-snippet:-1, max-image-preview:large, max-video-preview:-1\" \/>\n<link rel=\"canonical\" href=\"https:\/\/cidti.com.co\/cidti40\/mentalidad-y-cultura\/\" \/>\n<meta property=\"og:locale\" content=\"es_ES\" \/>\n<meta property=\"og:type\" content=\"article\" \/>\n<meta property=\"og:title\" content=\"Mentalidad y Cultura - CIDTI 4.0\" \/>\n<meta property=\"og:description\" content=\"[vc_row css_animation=&#8221;bounceIn&#8221; css=&#8221;.vc_custom_1590198353098{margin-top: 5rem !important;}&#8221;][vc_column][vc_custom_heading text=&#8221;Mentalidad y Cultura&#8221; font_container=&#8221;tag:h1|text_align:center|color:%2333cccc&#8221; google_fonts=&#8221;font_family:Roboto%20Condensed%3A300%2C300italic%2Cregular%2Citalic%2C700%2C700italic|font_style:700%20bold%20regular%3A700%3Anormal&#8221; css_animation=&#8221;bounceIn&#8221;][vc_single_image image=&#8221;781&#8243; img_size=&#8221;full&#8221; css_animation=&#8221;bounceIn&#8221; css=&#8221;.vc_custom_1591760761639{margin-top: 25px !important;margin-bottom: 25px !important;}&#8221;][\/vc_column][\/vc_row][vc_row css_animation=&#8221;fadeIn&#8221; css=&#8221;.vc_custom_1590198301109{margin-top: 4px !important;}&#8221;][vc_column css_animation=&#8221;none&#8221;][vc_custom_heading text=&#8221;Nuestro objetivo es construir y consolidar la Cultura Cidti 4.0, que tiene como meta, acompa\u00f1ar a los ciudades y a cada uno de sus p\u00fablicos, en la construcci\u00f3n de territorios inteligentes, [&hellip;]\" \/>\n<meta property=\"og:url\" content=\"https:\/\/cidti.com.co\/cidti40\/mentalidad-y-cultura\/\" \/>\n<meta property=\"og:site_name\" content=\"CIDTI 4.0\" \/>\n<meta property=\"article:publisher\" content=\"https:\/\/www.facebook.com\/CIDTI40\" \/>\n<meta property=\"article:modified_time\" content=\"2025-04-22T20:14:56+00:00\" \/>\n<meta name=\"twitter:card\" content=\"summary_large_image\" \/>\n<meta name=\"twitter:label1\" content=\"Tiempo de lectura\" \/>\n\t<meta name=\"twitter:data1\" content=\"6 minutos\" \/>\n<script type=\"application\/ld+json\" class=\"yoast-schema-graph\">{\"@context\":\"https:\/\/schema.org\",\"@graph\":[{\"@type\":\"WebPage\",\"@id\":\"https:\/\/cidti.com.co\/cidti40\/mentalidad-y-cultura\/\",\"url\":\"https:\/\/cidti.com.co\/cidti40\/mentalidad-y-cultura\/\",\"name\":\"Mentalidad y Cultura - CIDTI 4.0\",\"isPartOf\":{\"@id\":\"https:\/\/cidti.com.co\/cidti40\/#website\"},\"datePublished\":\"2016-02-10T11:10:42+00:00\",\"dateModified\":\"2025-04-22T20:14:56+00:00\",\"breadcrumb\":{\"@id\":\"https:\/\/cidti.com.co\/cidti40\/mentalidad-y-cultura\/#breadcrumb\"},\"inLanguage\":\"es\",\"potentialAction\":[{\"@type\":\"ReadAction\",\"target\":[\"https:\/\/cidti.com.co\/cidti40\/mentalidad-y-cultura\/\"]}]},{\"@type\":\"BreadcrumbList\",\"@id\":\"https:\/\/cidti.com.co\/cidti40\/mentalidad-y-cultura\/#breadcrumb\",\"itemListElement\":[{\"@type\":\"ListItem\",\"position\":1,\"name\":\"Home\",\"item\":\"https:\/\/cidti.com.co\/cidti40\/\"},{\"@type\":\"ListItem\",\"position\":2,\"name\":\"Mentalidad y Cultura\"}]},{\"@type\":\"WebSite\",\"@id\":\"https:\/\/cidti.com.co\/cidti40\/#website\",\"url\":\"https:\/\/cidti.com.co\/cidti40\/\",\"name\":\"CIDTI 40\",\"description\":\"\",\"publisher\":{\"@id\":\"https:\/\/cidti.com.co\/cidti40\/#organization\"},\"potentialAction\":[{\"@type\":\"SearchAction\",\"target\":{\"@type\":\"EntryPoint\",\"urlTemplate\":\"https:\/\/cidti.com.co\/cidti40\/?s={search_term_string}\"},\"query-input\":{\"@type\":\"PropertyValueSpecification\",\"valueRequired\":true,\"valueName\":\"search_term_string\"}}],\"inLanguage\":\"es\"},{\"@type\":\"Organization\",\"@id\":\"https:\/\/cidti.com.co\/cidti40\/#organization\",\"name\":\"CIDTI 4.0\",\"url\":\"https:\/\/cidti.com.co\/cidti40\/\",\"logo\":{\"@type\":\"ImageObject\",\"inLanguage\":\"es\",\"@id\":\"https:\/\/cidti.com.co\/cidti40\/#\/schema\/logo\/image\/\",\"url\":\"https:\/\/cidti40.com\/wp-content\/uploads\/2020\/05\/FAVICON_CIDTI-1.png\",\"contentUrl\":\"https:\/\/cidti40.com\/wp-content\/uploads\/2020\/05\/FAVICON_CIDTI-1.png\",\"width\":1067,\"height\":1067,\"caption\":\"CIDTI 4.0\"},\"image\":{\"@id\":\"https:\/\/cidti.com.co\/cidti40\/#\/schema\/logo\/image\/\"},\"sameAs\":[\"https:\/\/www.facebook.com\/CIDTI40\",\"https:\/\/www.instagram.com\/cidti40\/\",\"https:\/\/www.linkedin.com\/in\/comunicaciones-cidti\/\",\"https:\/\/www.youtube.com\/channel\/UC5JgvJy7YXifAYLqepgNcvg\/\"]}]}<\/script>\n<!-- \/ Yoast SEO plugin. -->","yoast_head_json":{"title":"Mentalidad y Cultura - CIDTI 4.0","robots":{"index":"index","follow":"follow","max-snippet":"max-snippet:-1","max-image-preview":"max-image-preview:large","max-video-preview":"max-video-preview:-1"},"canonical":"https:\/\/cidti.com.co\/cidti40\/mentalidad-y-cultura\/","og_locale":"es_ES","og_type":"article","og_title":"Mentalidad y Cultura - CIDTI 4.0","og_description":"[vc_row css_animation=&#8221;bounceIn&#8221; css=&#8221;.vc_custom_1590198353098{margin-top: 5rem !important;}&#8221;][vc_column][vc_custom_heading text=&#8221;Mentalidad y Cultura&#8221; font_container=&#8221;tag:h1|text_align:center|color:%2333cccc&#8221; google_fonts=&#8221;font_family:Roboto%20Condensed%3A300%2C300italic%2Cregular%2Citalic%2C700%2C700italic|font_style:700%20bold%20regular%3A700%3Anormal&#8221; css_animation=&#8221;bounceIn&#8221;][vc_single_image image=&#8221;781&#8243; img_size=&#8221;full&#8221; css_animation=&#8221;bounceIn&#8221; css=&#8221;.vc_custom_1591760761639{margin-top: 25px !important;margin-bottom: 25px !important;}&#8221;][\/vc_column][\/vc_row][vc_row css_animation=&#8221;fadeIn&#8221; css=&#8221;.vc_custom_1590198301109{margin-top: 4px !important;}&#8221;][vc_column css_animation=&#8221;none&#8221;][vc_custom_heading text=&#8221;Nuestro objetivo es construir y consolidar la Cultura Cidti 4.0, que tiene como meta, acompa\u00f1ar a los ciudades y a cada uno de sus p\u00fablicos, en la construcci\u00f3n de territorios inteligentes, [&hellip;]","og_url":"https:\/\/cidti.com.co\/cidti40\/mentalidad-y-cultura\/","og_site_name":"CIDTI 4.0","article_publisher":"https:\/\/www.facebook.com\/CIDTI40","article_modified_time":"2025-04-22T20:14:56+00:00","twitter_card":"summary_large_image","twitter_misc":{"Tiempo de lectura":"6 minutos"},"schema":{"@context":"https:\/\/schema.org","@graph":[{"@type":"WebPage","@id":"https:\/\/cidti.com.co\/cidti40\/mentalidad-y-cultura\/","url":"https:\/\/cidti.com.co\/cidti40\/mentalidad-y-cultura\/","name":"Mentalidad y Cultura - CIDTI 4.0","isPartOf":{"@id":"https:\/\/cidti.com.co\/cidti40\/#website"},"datePublished":"2016-02-10T11:10:42+00:00","dateModified":"2025-04-22T20:14:56+00:00","breadcrumb":{"@id":"https:\/\/cidti.com.co\/cidti40\/mentalidad-y-cultura\/#breadcrumb"},"inLanguage":"es","potentialAction":[{"@type":"ReadAction","target":["https:\/\/cidti.com.co\/cidti40\/mentalidad-y-cultura\/"]}]},{"@type":"BreadcrumbList","@id":"https:\/\/cidti.com.co\/cidti40\/mentalidad-y-cultura\/#breadcrumb","itemListElement":[{"@type":"ListItem","position":1,"name":"Home","item":"https:\/\/cidti.com.co\/cidti40\/"},{"@type":"ListItem","position":2,"name":"Mentalidad y Cultura"}]},{"@type":"WebSite","@id":"https:\/\/cidti.com.co\/cidti40\/#website","url":"https:\/\/cidti.com.co\/cidti40\/","name":"CIDTI 40","description":"","publisher":{"@id":"https:\/\/cidti.com.co\/cidti40\/#organization"},"potentialAction":[{"@type":"SearchAction","target":{"@type":"EntryPoint","urlTemplate":"https:\/\/cidti.com.co\/cidti40\/?s={search_term_string}"},"query-input":{"@type":"PropertyValueSpecification","valueRequired":true,"valueName":"search_term_string"}}],"inLanguage":"es"},{"@type":"Organization","@id":"https:\/\/cidti.com.co\/cidti40\/#organization","name":"CIDTI 4.0","url":"https:\/\/cidti.com.co\/cidti40\/","logo":{"@type":"ImageObject","inLanguage":"es","@id":"https:\/\/cidti.com.co\/cidti40\/#\/schema\/logo\/image\/","url":"https:\/\/cidti40.com\/wp-content\/uploads\/2020\/05\/FAVICON_CIDTI-1.png","contentUrl":"https:\/\/cidti40.com\/wp-content\/uploads\/2020\/05\/FAVICON_CIDTI-1.png","width":1067,"height":1067,"caption":"CIDTI 4.0"},"image":{"@id":"https:\/\/cidti.com.co\/cidti40\/#\/schema\/logo\/image\/"},"sameAs":["https:\/\/www.facebook.com\/CIDTI40","https:\/\/www.instagram.com\/cidti40\/","https:\/\/www.linkedin.com\/in\/comunicaciones-cidti\/","https:\/\/www.youtube.com\/channel\/UC5JgvJy7YXifAYLqepgNcvg\/"]}]}},"_links":{"self":[{"href":"https:\/\/cidti.com.co\/cidti40\/wp-json\/wp\/v2\/pages\/223"}],"collection":[{"href":"https:\/\/cidti.com.co\/cidti40\/wp-json\/wp\/v2\/pages"}],"about":[{"href":"https:\/\/cidti.com.co\/cidti40\/wp-json\/wp\/v2\/types\/page"}],"author":[{"embeddable":true,"href":"https:\/\/cidti.com.co\/cidti40\/wp-json\/wp\/v2\/users\/1"}],"replies":[{"embeddable":true,"href":"https:\/\/cidti.com.co\/cidti40\/wp-json\/wp\/v2\/comments?post=223"}],"version-history":[{"count":75,"href":"https:\/\/cidti.com.co\/cidti40\/wp-json\/wp\/v2\/pages\/223\/revisions"}],"predecessor-version":[{"id":2481,"href":"https:\/\/cidti.com.co\/cidti40\/wp-json\/wp\/v2\/pages\/223\/revisions\/2481"}],"wp:attachment":[{"href":"https:\/\/cidti.com.co\/cidti40\/wp-json\/wp\/v2\/media?parent=223"}],"curies":[{"name":"wp","href":"https:\/\/api.w.org\/{rel}","templated":true}]}}